*2 - i - 2. Let x be l(-2). What is the remainder when -2 + x + 1 - -26 is divided by z?
4
Let c(t) = t**2 - 11*t + 7. What is the remainder when 89 is divided by c(12)?
13
Let l(r) = r**3 + 6*r**2 - 18*r - 9. Let x be l(-7). Suppose x*z = 71*z - 33. What is the remainder when 373 is divided by z?
10
Let g = -37 + 154. What is the remainder when g is divided by (-2 - 0)/(38/(-209))?
7
What is the remainder when 725 is divided by 1424/(-267)*(-3)/2?
5
Let k(r) = -2*r**3 - 19*r**2 - r + 22. What is the remainder when k(-10) is divided by 52?
28
Let z(x) = -60*x - 6. What is the remainder when z(-2) is divided by 32?
18
Let b be (12/8)/(12/160). Let x = b + -18. What is the remainder when x is divided by 1?
0
Suppose -71 = 4*v - 451. Suppose -5*c + 0*c = -v. Suppose -l = 5*g - 3*l - 187, -5*g + l + 186 = 0. Calculate the remainder when g is divided by c.
18
What is the remainder when 292 is divided by (37/6)/(21/126)?
33
Let m(y) = -y**3 + 4*y**2 - 10*y + 17. Calculate the remainder when 44 is divided by m(0).
10
Suppose -t + 1198 = 16*o - 14*o, 2*o + 5*t - 1198 = 0. What is the remainder when o is divided by 8?
7
What is the remainder when 99 is divided by 3/3*(18 - 1)*2?
31
Suppose 5*f - 8*f + 5*u = -488, -f = -5*u - 156. Calculate the remainder when f is divided by 30.
16
Suppose -5*z + 2*z - 2*a - 4 = 0, 26 = 3*z - 4*a. Suppose 0 = -z*k + 5*y + 50, -6*k + 5*k = -2*y - 26. What is the remainder when 145 is divided by k?
25
Suppose 0 = -5*a + 1 - 21, -3*r = 3*a + 3. Suppose -r*h = 8*h - 88. What is the remainder when h is divided by 3?
2
Suppose 5*u - 120 = -5*m, -13 = -3*u - 1. What is the remainder when 318 is divided by m?
18
Suppose -2*v + 10 = 0, 0 = -3*y + 7*y - 4*v. Suppose -r - 102 = -y*p, -r - 70 = -3*p + 4*r. Calculate the remainder when (-4 + (-204)/8)*-2 is divided by p.
19
Let k = -21 - -43. Let x = 56 - k. Suppose x = 5*a - 3*a. Calculate the remainder when a is divided by 6.
5
What is the remainder when -3*(-10)/6 - 3 - -24 is divided by 13?
0
Let x = 110 + -186. Let k = -69 - x. Calculate the remainder when 33 is divided by k.
5
Let q = 86 - 66. Let v(o) = -o**2 + 7*o + 9. Let g be v(8). What is the remainder when -2*(g - -28)/(-1) is divided by q?
18
Let c(v) = -v**2 - 19*v - 13. Let k be c(-12). Suppose -2*f + k + 27 = 0. Calculate the remainder when f is divided by (-117)/(-7) - (-2)/7.
15
Suppose -2*y = -7*y. Suppose 5*g - 10 - 10 = y. What is the remainder when (-81)/(0 + (-6)/g) is divided by 14?
12
Let c = -1463 + 1620. What is the remainder when c is divided by 35?
17
Suppose 215*k - 284*k = -32775. Calculate the remainder when k is divided by 28.
27
Let m be (-33)/(-2)*1932/(-63). Suppose 4*z - 26 = 2*z. Calculate the remainder when z is divided by (-4)/6 - (m/6)/11.
6
Let x be (76/16)/(1/36). Suppose 0 = 5*h + k - 176, 3*k - 7*k = -5*h + x. What is the remainder when h is divided by 12?
11
Suppose -5*c + 40 = q, 5*q + 2*c = 7*c + 80. Calculate the remainder when 257 is divided by q.
17
Suppose 5*j - 5*o + 3 = 93, 4*j + 5*o - 72 = 0. Let r = 172 - 160. What is the remainder when (39/(r/(-4)))/((-4)/16) is divided by j?
16
Let f(t) = -2*t**3 + t**2 + 11*t + 4. Let l be f(7). Let k = -329 - l. Calculate the remainder when k is divided by 23.
20
Let t = 819 + -790. Let a = 36 + -26. What is the remainder when t is divided by a?
9
Let r(z) = 7*z**2 - 3*z - 2. Calculate the remainder when (-1 + (-1)/(-2))*-26 is divided by r(-1).
5
Let i(y) = -71 + 2*y + 60 + 2*y**2 - 4*y. What is the remainder when 82 is divided by i(-4)?
24
Let t(z) = z**2 + 13*z + 34. Suppose -5*a + 2*l + 2*l = -78, -5*a = -2*l - 84. What is the remainder when t(-15) is divided by a?
10
Suppose -14*d + 21*d - 399 = 0. What is the remainder when d is divided by 15?
12
Suppose -j - 5*t + 534 = 171, -2*j - 5*t = -716. Calculate the remainder when j is divided by 71.
69
Let c = -634 + 820. What is the remainder when c is divided by 95?
91
Let a = -16 + 18. Suppose -2*j + 2 = -a*q, -2*q + 0 = 5*j - 33. Suppose 3*o = -2*f + 18, 0 = -f - o + 7 + 1. What is the remainder when f is divided by q?
2
Suppose 0 = 2*u + 3456 - 3508. Calculate the remainder when 280 is divided by u.
20
Suppose -r + 3*r = 6. Suppose r*t - 6 = t. Calculate the remainder when 58 is divided by 204/14 - t/(-7).
13
Suppose 5*d - 3*u = 60, -5*u + 38 = 3*d - 32. What is the remainder when 56 is divided by d?
11
Suppose -88*k + 425 = -63*k. Calculate the remainder when 315 is divided by k.
9
Suppose 0 = -n + v - 4, 13 = -4*n + 7*v - 4*v. Let l = 3 + n. Suppose -2*r + 145 = 3*r + l*t, -2*r = 3*t - 47. Calculate the remainder when 92 is divided by r.
30
Let v = 4 - 4. Let h = 3 - v. Let m(g) = 4*g**2 - 26*g - 7. What is the remainder when m(7) is divided by h?
1
Suppose -4*s + 2*y + 586 = 0, -8*y + 5*y = -3*s + 441. Calculate the remainder when s is divided by 25.
21
Let l(u) = u**2 - 4*u - 3. Suppose -14*o = -12*o - 4. What is the remainder when l(5) is divided by o?
0
Suppose 2*w = -w + 114. Let t(m) = -35*m + 428. Calculate the remainder when t(9) is divided by w.
37
Suppose 0 = 2*z - z - 5. Let p = -20 - -34. What is the remainder when p is divided by z?
4
Suppose -129 = j - 491. What is the remainder when j is divided by 88?
10
Let w be (-2)/11 + (-6290)/(-110). Let l = -50 + w. Calculate the remainder when 11 is divided by l.
4
Let r(n) = n**3 + 7*n**2 - 18*n - 14. Let k = -125 + 117. What is the remainder when r(k) is divided by 34?
32
Suppose 0 = 2*i - 2 - 2. Suppose 16 = 2*r + i*r. Suppose 0 = r*k + 3*y - 8 - 31, 4*k - 29 = -y. What is the remainder when 11 is divided by k?
5
Let q be (-1)/(-5) + 3/(45/(-213)). Let l = 19 + q. Calculate the remainder when 15 is divided by l.
0
Suppose 0 = 2*x - 1 - 3, 3*t = -2*x + 361. What is the remainder when t is divided by 40?
39
Suppose 4*n = -5*y + 140 + 691, -5*n + 997 = 6*y. What is the remainder when y is divided by 6?
5
Suppose -2*n = b - 70, 5*b - 176 - 154 = -5*n. Calculate the remainder when 243 is divided by b.
57
Let z be -5 - (-10)/15*-6. Let j = z + 14. Calculate the remainder when 7 is divided by j.
2
Suppose 4*w = 117 + 3731. What is the remainder when w is divided by 46?
42
Suppose -188 + 62 = -14*z. Let m(h) = -h**3 + h**2 - 4*h - 3. Calculate the remainder when m(-2) is divided by z.
8
Let l = -119 - -128. Calculate the remainder when 157/3 - (-2)/3 is divided by l.
8
Suppose -4*k - 3*k = -798. Calculate the remainder when 1*2/1 + k is divided by 20.
16
Suppose 0 = 2*r + r - 372. Let n be (0 - 2) + ((-5)/5 - -4). Suppose -5*y + n + r = 0. What is the remainder when y is divided by 9?
7
Let q = 139 - 81. Let n = -72 - -102. Suppose -3*g + n = -g. What is the remainder when q is divided by g?
13
Let b(j) = -57*j - 203. What is the remainder when b(-8) is divided by 89?
75
Suppose -18*c = 10 - 280. What is the remainder when 20 is divided by c?
5
Let g = 7 - 5. Suppose -4*w + 72 = g*w. Calculate the remainder when 35 is divided by w.
11
Let v(r) = -14*r + 0*r**2 + 2*r**2 + 18*r - 1. Calculate the remainder when 84 is divided by v(3).
26
Calculate the remainder when 91 is divided by (-55)/(10 + 1)*-5.
16
Let j(x) = -101*x - 5. Let q be j(-7). Suppose 4*s - q = -3*u, -520 = -3*s - 4*u + 5*u. What is the remainder when s is divided by 11?
9
What is the remainder when 47 is divided by 13 + (-8 - (3 + -4))?
5
Let s be (-2 + 0)*(-6 - 2). Let q(n) = n**2 - 3*n + 5. What is the remainder when q(6) is divided by 46/8 - (-4)/s?
5
Let c = 5 + -3. Let j = 7 - 3. Suppose -s - 3 = -i - j, -4*i - 4*s = -20. Calculate the remainder when c is divided by i.
0
Suppose 0*v + 5*v - 89 = 2*s, -3*s = 6. Suppose -2*y + 25 = 3*y. Suppose y*f + 4*q = 322, 4*f - 101 = -5*q + 153. What is the remainder when f is divided by v?
15
Let h be (-8 + 1)*(-96)/56. Suppose 5 = -y + h. What is the remainder when 12 is divided by y?
5
Let v be ((16/(-10))/(-1))/((-4)/470). Calculate the remainder when v/(-10) + (-3)/(-15) is divided by 5.
4
Suppose -7*q - q = 0. Suppose w + 2 = 5*p - 36, 4*p - 3*w - 26 = q. Calculate the remainder when 39 is divided by p.
7
Suppose 708 = 5*j - 4*x - 357, -4*x = 20. Calculate the remainder when j is divided by 42.
41
Let f(h) = 4*h**2 - 8*h + 7. Let v = 38 + -23. Calculate the remainder when f(6) is divided by v.
13
Suppose 3 = -2*s + 3